when 1940247 is divided by 1919.
138
Calculate the remainder when 72760 is divided by 11690.
2620
What is the remainder when 22866 is divided by 6791?
2493
What is the remainder when 731332218 is divided by 940?
938
What is the remainder when 49042 is divided by 5?
2
What is the remainder when 12138133 is divided by 55?
18
Calculate the remainder when 127051 is divided by 41825.
1576
Calculate the remainder when 70866814 is divided by 81.
76
Calculate the remainder when 63271438 is divided by 26.
22
Calculate the remainder when 11148502 is divided by 199080.
22
Calculate the remainder when 12312186 is divided by 733.
718
What is the remainder when 130554 is divided by 5780?
3394
What is the remainder when 32253754 is divided by 131?
113
What is the remainder when 12870937 is divided by 20?
17
What is the remainder when 1242565 is divided by 4128?
37
What is the remainder when 359809 is divided by 13679?
4155
Calculate the remainder when 25198871 is divided by 2300.
71
Calculate the remainder when 37037 is divided by 5885.
1727
What is the remainder when 7603533 is divided by 7603411?
122
What is the remainder when 167796 is divided by 4415?
26
What is the remainder when 226876981 is divided by 2297?
2291
Calculate the remainder when 1379052 is divided by 86190.
12
Calculate the remainder when 13716091 is divided by 192.
187
Calculate the remainder when 127727 is divided by 94.
75
Calculate the remainder when 634505504 is divided by 8522.
8516
What is the remainder when 670095 is divided by 128?
15
What is the remainder when 143737616 is divided by 1154?
1146
What is the remainder when 1583522 is divided by 1972?
6
What is the remainder when 846564 is divided by 16931?
14
What is the remainder when 1049809 is divided by 149967?
40
What is the remainder when 277968 is divided by 3024?
2784
What is the remainder when 122135962 is divided by 3958?
3956
Calculate the remainder when 84834784 is divided by 30.
4
Calculate the remainder when 62400597 is divided by 45.
42
Calculate the remainder when 542708 is divided by 265.
253
Calculate the remainder when 3730407 is divided by 1917.
1842
What is the remainder when 76328 is divided by 18995?
348
What is the remainder when 104542627 is divided by 4807?
4798
Calculate the remainder when 131417 is divided by 3981.
44
What is the remainder when 265928 is divided by 8078?
7432
What is the remainder when 1236764 is divided by 593?
359
Calculate the remainder when 110081 is divided by 6101.
263
What is the remainder when 3167037 is divided by 45?
27
Calculate the remainder when 16586768 is divided by 76.
72
What is the remainder when 2229654 is divided by 139353?
6
Calculate the remainder when 7738721 is divided by 577.
574
Calculate the remainder when 83895126 is divided by 1629.
1626
Calculate the remainder when 5009456 is divided by 3744.
3728
What is the remainder when 1272594 is divided by 12350?
544
Calculate the remainder when 7052673 is divided by 261208.
57
Calculate the remainder when 58857211 is divided by 24.
19
Calculate the remainder when 847246710 is divided by 697.
693
Calculate the remainder when 105419 is divided by 105370.
49
Calculate the remainder when 80591 is divided by 19306.
3367
What is the remainder when 6469370 is divided by 625?
620
What is the remainder when 130016 is divided by 20703?
5798
Calculate the remainder when 464900 is divided by 77458.
152
What is the remainder when 610466 is divided by 6634?
138
Calculate the remainder when 497958 is divided by 2693.
2446
Calculate the remainder when 331171 is divided by 2044.
43
Calculate the remainder when 58429908 is divided by 283.
30
Calculate the remainder when 303794 is divided by 9225.
8594
Calculate the remainder when 20843 is divided by 1489.
1486
What is the remainder when 43957 is divided by 3106?
473
What is the remainder when 396083 is divided by 49507?
27
What is the remainder when 32889 is divided by 32688?
201
What is the remainder when 20224861 is divided by 636?
61
Calculate the remainder when 70299400 is divided by 4393712.
8
What is the remainder when 4528317 is divided by 212?
209
Calculate the remainder when 1216500 is divided by 5289.
30
What is the remainder when 6315251 is divided by 4299?
20
Calculate the remainder when 119571111 is divided by 29892766.
47
What is the remainder when 45000397 is divided by 13728?
13
Calculate the remainder when 100120 is divided by 50052.
16
What is the remainder when 271481 is divided by 5389?
2031
What is the remainder when 186620 is divided by 85?
45
Calculate the remainder when 630987 is divided by 13976.
2067
Calculate the remainder when 317361 is divided by 104165.
4866
What is the remainder when 1789208 is divided by 5098?
4908
Calculate the remainder when 5875964 is divided by 21.
17
Calculate the remainder when 252860 is divided by 1488.
1388
What is the remainder when 151279152 is divided by 276?
240
Calculate the remainder when 7183270 is divided by 239442.
10
Calculate the remainder when 3083295 is divided by 10932.
471
What is the remainder when 4515048 is divided by 198?
54
What is the remainder when 2024290 is divided by 2896?
2882
What is the remainder when 58596 is divided by 2342?
46
Calculate the remainder when 70321 is divided by 35077.
167
What is the remainder when 44628 is divided by 733?
648
What is the remainder when 288379934 is divided by 45?
44
Calculate the remainder when 2190890 is divided by 15320.
130
What is the remainder when 24748482 is divided by 421?
418
Calculate the remainder when 24645954 is divided by 37.
32
Calculate the remainder when 2781753 is divided by 57948.
249
What is the remainder when 5961324 is divided by 27?
21
Calculate the remainder when 200424 is divided by 139.
125
Calculate the remainder when 649384 is divided by 108223.
46
Calculate the remainder when 1377659 is divided by 15655.
19
Calculate the remainder when 46920 is divided by 4.
0
Calculate the remainder when 529275 is divided by 2341.
209
What is the remainder when 3163012 is divided by 3939?
3934
What is the remainder when 237261 is divided by 38780?
4581
What is the remainder when 81662 is divided by 40482?
698
Calculate the remainder when 3392872 is divided by 59.
18
What is the remainder when 16358464 is divided by 2650?
14
What is the remainder when 1217806 is divided by 405909?
79
What is the remainder when 1682690 is divided by 1640?
50
Calculate the remainder when 224891 is divided by 47.
43
What is the remainder when 571592 is divided by 108?
56
What is the remainder when 17034942 is divided by 5678290?
72
Calculate the remainder when 92639 is divided by 12366.
6077
Calculate the remainder when 128632 is divided by 14141.
1363
What is the remainder when 7887342 is divided by 2629112?
6
What is the remainder when 153745514 is divided by 165?
164
What is the remainder when 22256132 is divided by 72?
68
What is the remainder when 73377 is divided by 12227?
15
Calculate the remainder when 1156973 is divided by 1925.
48
Calculate the remainder when 8269 is divided by 2310.
1339
What is the remainder when 143931 is divided by 3825?
2406
What is the remainder when 2363868 is divided by 797?
763
What is the remainder when 3424263 is divided by 220?
183
What is the remainder when 874891 is divided by 109353?
67
Calculate the remainder when 144778054 is divided by 26.
18
Calculate the remainder when 5855449 is divided by 446.
361
What is the remainder when 4493277 is divided by 67?
56
Calculate the remainder when 145267765 is divided by 59.
30
Calculate the remainder when 28001 is divided by 222.
29
What is the remainder when 363431 is divided by 56?
47
Calculate the remainder when 62849187 is divided by 14.
9
What is the remainder when 42061148 is divided by 96?
92
What is the remainder when 1356603 is divided by 39900?
3
Calculate the remainder when 84954 is divided by 573.
150
Calculate the remainder when 6888971 is divided by 71019.
128
Calculate the remainder when 5654549 is divided by 470.
449
Calculate the remainder when 112642 is divided by 36781.
2299
What is the remainder when 49756624 is divided by 1253?
1247
What is the remainder when 9742807 is divided by 120?
7
Calculate the remainder when 186209 is divided by 1942.
1719
What is the remainde